5*v, 2377 = 3*a + v. Suppose -4*z + 910 + 5534 = 0. Let w = z - a. Is w prime?
False
Let i(t) = -t - 3. Let v be i(-2). Let d be 42/6 + (v - 2). Suppose -d*q = -12*q + 2392. Is q prime?
False
Let a be 3*(182/21 + -3). Suppose 5844 = a*u - 5*u. Is u a prime number?
True
Let c(x) = -238*x**3 - 8*x**2 + 16*x + 139. Is c(-9) composite?
False
Let r(n) = n**3 + 11*n**2 - 12*n + 15. Let h be r(-12). Suppose -4*f = 2*t - 252, 120 = t - f - h. Is (-5 - -3) + 0 + t - 3 prime?
True
Let d(k) = k**3 + 50*k**2 - 5*k - 70. Let j be d(-39). Suppose -4*r = l - j - 46706, r - 15887 = -2*l. Is r prime?
False
Let q(m) = 72*m**2 - 509*m - 45. Is q(28) a prime number?
False
Let v = -20455 - -32310. Is v composite?
True
Suppose -10*t + 1383 = -7*t. Let u = 672 - t. Is u a composite number?
False
Is (23425/(-10))/(110/(-7876)) composite?
True
Let p(a) = 5*a + 12. Let o be (16/20)/((-3)/30). Let u be p(o). Is u/98 + (-5576)/(-14) prime?
False
Suppose -13984 = 2*i - 4*o, -10*o + 20926 = -3*i - 14*o. Is i/((-63)/49 + 1) a prime number?
False
Let g(z) = -z**3 + 8*z**2 + 10*z + 7. Let j be g(9). Suppose -11*x = -j*x + 10. Suppose 0 = -y - 3*u + 619, 0*y + 1266 = x*y - u. Is y composite?
False
Let a = -44241 - -76734. Is a prime?
False
Let t(s) = -262*s**3 - 2*s**2 - 50*s - 77. Is t(-2) a composite number?
False
Suppose o - 1 = 0, 5*o + 3778 = -3*p + 14580. Is p prime?
False
Suppose -2*w = -r + 979, 73*w = 4*r + 71*w - 3952. Is r composite?
False
Suppose 7 = -23*h + 7. Suppose 4*s - 11509 - 6679 = h. Is s a composite number?
False
Let n = 61 + -71. Is (-21 - 544)*14/n prime?
False
Let t(d) = 8*d + 13. Let k(y) = -17*y - 27. Let z(j) = -3*k(j) - 7*t(j). Let i be z(-4). Suppose 5*a + 1585 = i*a. Is a a prime number?
True
Suppose -2*d = -5*d + p + 151609, 252683 = 5*d - p. Is d a composite number?
True
Suppose -4*c = -2*c - 8. Suppose -c*k + 3*k + 4 = 2*b, -3*k + b = -19. Suppose k*j + 519 = 24465. Is j composite?
True
Suppose 0 = 5*k + u - 19728 - 13832, -2*u + 6703 = k. Suppose 0 = -7*b - 3570 - k. Let x = 564 - b. Is x a composite number?
True
Is ((252871/57)/1)/(2/6) a composite number?
False
Let v be (-74)/(-14) + 6/(-21) - 2. Suppose -4*r + x + 0*x = -45407, 3*r - v*x - 34062 = 0. Is r a prime number?
True
Let g(p) = 8576*p**2 + 11*p + 55. Is g(6) a prime number?
True
Suppose -4*h + 328123 + 333133 = 0. Suppose -8202 - h = -28*f. Is f prime?
True
Suppose 0 = -m - 5*m + 48. Suppose 3*i - 4*j = 7893, m*i + 5*j + 5269 = 10*i. Is i a composite number?
True
Suppose j = -2*i + 44165, -i - 10*j = -7*j - 22090. Is i prime?
False
Let t = -89922 - -181627. Is t a composite number?
True
Let l(v) = 43*v**2 - 6*v + 26. Let m be l(5). Is 17/m*226471 + 2/9 a prime number?
False
Suppose 5*p = 3*n + 22, 2*p + 2*n + 6 = 2. Is 117 - (7 - p - 1) a prime number?
True
Suppose 203382 = 2*r + 6*v - 10*v, v = -2*r + 203372. Is r a prime number?
False
Let m(c) = 2749*c**3 - c**2 + 3*c - 2. Let n = -50 - -51. Is m(n) prime?
True
Let b(n) = 6*n**3 + 19*n**2 + 43*n + 30. Let g(i) = i**3 - 1. Let s(c) = -b(c) + 5*g(c). Is s(-17) composite?
True
Let i(y) = 5*y**3 - y**2 - y. Let n be i(-1). Let t(d) = 33*d - 37. Let g(h) = -11*h + 13. Let q(k) = -8*g(k) - 3*t(k). Is q(n) prime?
False
Suppose 653*i - 7548994 = 567*i. Is i a composite number?
True
Let j be ((-6)/7)/((-2)/28). Is ((-2104)/j)/((-24)/612) composite?
True
Let w be 6/8 - (-929)/4. Let f be 4233/(-9) + 30/90. Let x = w - f. Is x composite?
True
Let z(j) = 6*j**3 - 24*j**2 - 21*j - 25. Let v(k) = 5*k**3 - 24*k**2 - 20*k - 24. Let w(a) = -5*v(a) + 4*z(a). Let f be w(24). Let h = f + -221. Is h prime?
False
Let d = 576 - 583. Is (1 + -20036)*7/49*d prime?
False
Suppose -4*r = w - 1485239, 2*w - 1152861 - 1817590 = r. Is w composite?
False
Let p(f) = 127*f**2 + 21*f + 20. Let v be p(-8). Suppose -1571 = -2*q - 3*x + v, 2*q - 5*x - 9591 = 0. Is q a prime number?
True
Let d(h) = -15*h**3 + 3*h**2 - 3*h + 7. Let k(z) = 11*z - 11. Let b(y) = 5*y - 6. Let v(s) = -5*b(s) + 2*k(s). Let j be v(4). Is d(j) composite?
True
Let b(i) = -12355*i - 185. Let j(u) = 2471*u + 37. Let y(a) = -2*b(a) - 11*j(a). Is y(-4) composite?
True
Let v(q) = 28863*q - 266. Is v(3) composite?
False
Let u(j) = -3293*j + 1330. Is u(-23) composite?
False
Is 7844 + ((-159)/(-212))/(1/(-4)) composite?
False
Let g(n) = -54*n**2 - 27*n - 4. Let x be g(12). Let d = x + 24887. Is d composite?
True
Let k(q) = -q**2 - 11*q - 18. Let o be k(-9). Suppose o*s = -6*s + 1494. Suppose 52*y + s = 55*y. Is y a composite number?
False
Let t(y) = 2*y**2 - 4*y + 6. Let d be t(-13). Let a = d + -149. Suppose -a = 9*r - 10*r. Is r a prime number?
False
Suppose 7*l - 10*l + 138 = 0. Let c = l - 46. Is -1 - (-6534)/3 - c a prime number?
False
Suppose 13*a = 14*a - 806. Let s = 338 + a. Suppose 3*r = g - 734, 5*r = -3*g + s + 1100. Is g a prime number?
True
Let j be (11 - -2)*1404/12. Let w = 1498 + j. Is w composite?
False
Let c be -18*(-6 - 112/(-21)). Is 1167 + c/(-30)*5 a composite number?
True
Let g be -3*(-7)/((-21)/(-8)). Suppose 0 = g*m - 10*m. Is (-1 - m)*59/(-2)*2 prime?
True
Let m be (-4)/(-8 - (-18)/3 - -1). Suppose 5*a + 7925 - 23748 = -2*g, 4*a - m*g - 12636 = 0. Is a prime?
True
Suppose 4*r - 5*t - 1968 = 0, 2*r - 4*t + 0*t - 984 = 0. Let i = r + 387. Suppose -5*x - 3*o = -7*o - i, -o = -4*x + 712. Is x composite?
False
Let l = 83 + -78. Let g be (-6646)/(-6)*3 + 2. Suppose -2*j - 5*d = 3*j - g, -l*d - 3365 = -5*j. Is j a composite number?
True
Suppose 2*l - 297229 = 13473. Is l a composite number?
True
Suppose 0 = 3*s - 5*s - 174. Let y = 57 + s. Is (-2273)/(-6) + (-5)/y a composite number?
False
Let o be 25125/20 + (-4)/16. Suppose 3*n = -3*v + 1890, -2*v + 3*n - o = -4*v. Suppose -5*a - f = -v, -281 = -3*a - 4*f + 96. Is a prime?
True
Suppose 5*o + 50 = 3*o + 2*u, -5*o - u - 119 = 0. Is (8/o)/((-1)/74343) prime?
True
Suppose -5*a + 2*a + 1060818 = -962223. Is a a composite number?
False
Is (-6)/((-30)/(-35)) + (-1589598)/(-45)*10 prime?
True
Let k be 140/30 - -4*(-1)/6. Suppose 0*s - k*n + 1234 = -s, 3*s + 3702 = 2*n. Is s/(-4) - 8/((-80)/(-15)) a prime number?
True
Suppose c - 61 = -62, 0 = 3*x - c - 88114. Is x a prime number?
False
Suppose 0 = -36*i + 1815301 + 1032695. Is i prime?
True
Let g(y) = -7*y - 12 - 6*y**3 - 1744*y**2 + 1725*y**2 + 5*y**3. Suppose 0*r + 4*o - 46 = 2*r, 2*o = -r - 15. Is g(r) composite?
True
Let x(m) = -74318*m - 2019. Is x(-7) a prime number?
True
Let j = 67695 + 154364. Is j a prime number?
True
Suppose 9729 = i + f, 33593 = 4*i - 2*f - 5311. Is i a prime number?
False
Let z(x) = 661*x - 37. Let i(p) = -220*p + 13. Let v(s) = 11*i(s) + 4*z(s). Let t = -9 + 11. Is v(t) composite?
False
Let z(g) = -7510*g - 221. Let r(m) = -7511*m - 224. Let a(t) = 3*r(t) - 2*z(t). Is a(-7) prime?
True
Let u(o) = -520*o - 21. Let g(a) = 1040*a + 42. Let h(y) = -2*g(y) - 5*u(y). Is h(2) a composite number?
False
Is ((-4430500)/(-35))/10 + (-40)/70 a prime number?
False
Let p be 434/124 - (10/4 + -2). Suppose -6 = -p*g, a + 20*g - 16*g - 22345 = 0. Is a a composite number?
True
Suppose -p - 6 = -5*s - 231, 2*p = -3*s - 148. Let h = 370 + s. Let l = h + -55. Is l composite?
False
Suppose -a - 25066 = -2*c, -4*c - 9*a + 5*a = -50132. Suppose 5*f - 5*p - 8907 = c, 0 = 2*f + p - 8585. Is f composite?
True
Let m be (-8)/(-20) + 201066/(-15). Is (m/18)/(4/(-6)) composite?
False
Let q(w) = 43497*w - 343. Is q(6) a composite number?
True
Let m = 1275 - -110. Let s = m + -532. Is s prime?
True
Let n = -964339 + 1408112. Is n prime?
False
Suppose n = -4*k - 239, 3*n - n = k + 53. Let o = k + 156. Let p = o + -32. Is p a composite number?
True
Let z(r) = -92*r + 59*r - 27*r - 138*r + 15. Suppose -b - 1 = -p, -4*b - 8 = p + 11. Is z(b) a prime number?
False
Let f = 719963 + -495790. Is f prime?
False
Let v(s) = 20*s**3 + 11*s**2 + 238*s + 349. Is v(24) composite?
False
Let a(l) be the first derivative of l**2/2 + 14*l - 9. Let s = 2 - -3. Is a(s) a prime number?
True
Let i(l) = -50*l**3 - l**2 + 19*l + 1. Suppose -4*h = -2*n + 4, 0 = -n - 4*h - 15 - 1. Is i(n) a prime number?
True
Let y(v) = 1143*v**3 - 5*v**2 - 70*v + 269. Is y(4) prime?
True
Let d = 62 + -59. Suppose -c + 3646 = -d*o + 24066, -13585 = -2*o - 5*c. Is o a prime number?
False
Let f(s) = 64*s**2 + 1216*s + 157. Is f(-